39
What is the highest common factor of 1561789 and 13081?
103
Calculate the highest common factor of 252578 and 14053.
47
What is the greatest common divisor of 913524 and 26319?
849
What is the highest common factor of 1734830 and 1140?
10
Calculate the highest common divisor of 34070 and 15004428.
6814
What is the greatest common factor of 98212208 and 2576?
368
Calculate the greatest common factor of 9 and 2114003.
1
Calculate the highest common divisor of 48 and 32811132.
12
What is the highest common divisor of 6202886 and 59362?
886
Calculate the highest common divisor of 15413488 and 16.
16
Calculate the greatest common divisor of 68486902 and 9766.
514
What is the greatest common factor of 8371749 and 25584?
123
What is the greatest common factor of 402193 and 792?
11
Calculate the greatest common divisor of 27 and 62461233.
27
What is the highest common factor of 1908218 and 17342?
598
Calculate the greatest common factor of 569178 and 291078.
1854
Calculate the highest common divisor of 192166 and 1746784.
494
What is the highest common factor of 33812 and 1721630?
214
What is the greatest common divisor of 120 and 736914?
6
What is the highest common factor of 416324 and 1406?
74
What is the greatest common divisor of 6629360 and 14?
2
Calculate the highest common divisor of 66785 and 11533589.
361
Calculate the highest common factor of 236 and 18333542.
118
What is the greatest common divisor of 4987623 and 812?
29
What is the greatest common divisor of 185999 and 164648?
11
What is the highest common factor of 4575 and 21921875?
1525
What is the highest common divisor of 36766860 and 420?
60
Calculate the highest common divisor of 4109113 and 1.
1
Calculate the highest common divisor of 1591 and 231953.
37
Calculate the highest common factor of 199436 and 36646.
146
Calculate the highest common factor of 3300 and 11801460.
660
What is the greatest common divisor of 4355155 and 1120?
35
What is the highest common divisor of 2692648 and 65072?
392
What is the highest common factor of 1089399 and 69479?
61
Calculate the greatest common factor of 34319495 and 70.
35
What is the greatest common divisor of 1025 and 123441775?
1025
Calculate the greatest common divisor of 36 and 40786356.
12
Calculate the highest common factor of 15736 and 1642164.
1124
What is the highest common factor of 405270 and 798?
114
Calculate the highest common divisor of 149 and 65742674.
149
Calculate the greatest common divisor of 2754784 and 12896.
992
Calculate the greatest common divisor of 12 and 319650852.
12
What is the greatest common divisor of 1536 and 136968192?
1536
Calculate the greatest common factor of 89216 and 299744.
544
What is the highest common factor of 20206913 and 26949?
691
Calculate the greatest common factor of 5532 and 1229430297.
1383
What is the greatest common factor of 6425608 and 56?
56
Calculate the greatest common factor of 5952 and 60972.
12
Calculate the greatest common divisor of 1997705862 and 54.
54
What is the greatest common divisor of 543485 and 18250?
365
What is the greatest common divisor of 216 and 3236831064?
216
What is the highest common factor of 431 and 12470123?
431
Calculate the highest common factor of 5838 and 5336766.
834
What is the greatest common factor of 1644 and 1352464?
548
What is the highest common factor of 28242588 and 1767?
57
Calculate the greatest common divisor of 225098430 and 90.
30
Calculate the highest common divisor of 642 and 11062302.
642
What is the highest common divisor of 59740 and 1095040?
580
Calculate the greatest common factor of 22264560 and 2520.
360
Calculate the greatest common divisor of 176929 and 109707.
29
What is the highest common factor of 56939646 and 7256?
1814
Calculate the greatest common divisor of 572 and 580619.
13
Calculate the highest common divisor of 2860 and 272925510.
1430
What is the greatest common divisor of 934 and 19029316?
934
What is the highest common divisor of 57728944 and 936?
104
Calculate the greatest common divisor of 8201514 and 153.
51
What is the highest common divisor of 20385 and 35880?
15
What is the greatest common factor of 4314807 and 91?
7
What is the greatest common factor of 4082168 and 16?
8
What is the highest common divisor of 30950 and 51377?
619
What is the greatest common divisor of 600 and 7862700?
300
What is the greatest common factor of 34520400 and 344?
344
Calculate the highest common divisor of 221004 and 384.
12
What is the highest common divisor of 62822 and 8056144?
622
Calculate the highest common divisor of 12510151 and 325649.
2377
What is the greatest common factor of 12282 and 1659726?
138
Calculate the greatest common divisor of 4968 and 34183704.
552
What is the highest common factor of 40 and 5697515?
5
Calculate the greatest common factor of 144 and 10950696.
72
Calculate the highest common factor of 575643 and 437.
19
What is the highest common divisor of 7210 and 24598?
14
Calculate the greatest common factor of 59696 and 164464.
16
What is the greatest common divisor of 3886158 and 6?
6
What is the greatest common factor of 1405 and 13964857?
281
Calculate the highest common factor of 3184440 and 384.
24
What is the highest common divisor of 5027250 and 5250?
750
Calculate the highest common divisor of 38092 and 2310344.
428
Calculate the highest common factor of 7970082 and 171.
57
What is the highest common factor of 189169433 and 317?
317
Calculate the highest common factor of 14 and 17408937.
7
Calculate the greatest common factor of 34 and 159642359.
17
What is the highest common divisor of 52686761 and 1709?
1709
What is the greatest common factor of 2960 and 132229712?
592
Calculate the greatest common factor of 3106724 and 2864.
716
Calculate the greatest common factor of 1223118600 and 30.
30
What is the highest common factor of 24 and 84409816?
8
What is the greatest common divisor of 19210508 and 938?
134
What is the greatest common factor of 1796188 and 33140?
6628
What is the greatest common factor of 17055 and 93535305?
5685
Calculate the greatest common factor of 96149 and 14.
1
Calculate the highest common divisor of 3366 and 551514.
102
Calculate the highest common divisor of 25357936 and 4195.
839
Calculate the highest common divisor of 47422560 and 45.
15
What is the greatest common factor of 736 and 22054608?
368
Calculate the highest common factor of 616 and 8501559.
11
Calculate the highest common factor of 249245 and 2107325.
395
Calculate the greatest common factor of 5212564 and 406.
14
Calculate the greatest common factor of 606096 and 124867.
1403
Calculate the highest common divisor of 1565252 and 273.
13
Calculate the highest common factor of 98638080 and 2880.
960
What is the highest common divisor of 184 and 8189449?
23
Calculate the highest common divisor of 1496421 and 29241.
513
Calculate the greatest common divisor of 3875364 and 49572.
2916
Calculate the highest common divisor of 129580 and 474734.
1178
What is the greatest common divisor of 184 and 755076936?
184
What is the highest common divisor of 6140 and 49957496?
1228
Calculate the greatest common divisor of 1491840 and 17316.
1332
Calculate the highest common factor of 4780746 and 96.
6
What is the highest common factor of 32406 and 9427200?
2946
What is the greatest common factor of 2676 and 82807036?
892
Calculate the highest common divisor of 332227 and 747128.
1531
What is the greatest common divisor of 70889 and 78659525?
5453
Calculate the greatest common factor of 4 and 4597364.
4
What is the greatest common factor of 715500 and 70596?
1908
What is the highest common divisor of 70746666 and 138?
138
What is the greatest common divisor of 317512 and 4214?
86
What is the highest common divisor of 96 and 109744?
16
Calculate the highest common divisor of 592844 and 6510.
434
What is the highest common divisor of 943 and 28210627?
23
Calculate the highest common factor of 187425 and 3400.
425
What is the greatest common divisor of 940 and 81466416?
188
Calculate the highest common divisor of 21820124 and 15240.
508
Calculate the greatest common divisor of 107119181 and 17459.
1027
Calculate the greatest common factor of 2735940 and 90.
30
Calculate the highest common factor of 91202357 and 1821.